 by 10?
7
Suppose 3*s + 117 = 4*p - 2360, -5*p = 5*s - 3070. What is the remainder when p is divided by 6?
5
Suppose -6423 - 381 = -28*u. What is the remainder when u is divided by 29?
11
Suppose -547*g + 383624 = -231*g. What is the remainder when g is divided by 29?
25
Suppose 28*v - 487 - 249 = 104. Let s = -4 + 1. What is the remainder when ((-2)/s)/(3/531) is divided by v?
28
Let h = -1953 - -2716. Calculate the remainder when h is divided by 32.
27
Let p = 34 - -15. Let u = -260048 + 260190. What is the remainder when u is divided by p?
44
Let z(t) = 112*t + 23. Suppose -73*y + 2395 - 935 = 0. What is the remainder when z(1) is divided by y?
15
Let k(w) = 2*w**2 + 45*w - 15. Suppose 0 = -0*j + 22*j + 550. Calculate the remainder when 213 is divided by k(j).
103
Suppose 18*g - 125 = -3*y + 22*g, 4*y = -2*g + 174. Let a(q) = q**2 - q - 5. Calculate the remainder when y is divided by a(5).
13
Let b(q) = 13*q + 8. Let z be b(0). Suppose -13*h + 5 = -z*h, 0 = 4*n - 3*h - 53. Calculate the remainder when n is divided by 2.
0
Let t(q) = 3*q**3 + 16*q**2 + 5*q + 3. Let w be t(-5). Let h be 2*(-2 + w) - -75. Let x = 87 - h. What is the remainder when 24 is divided by x?
4
Let o(g) = -g + 2. Let p be o(0). Let r(t) = 6*t**3 + t**2 - 3*t - 4. What is the remainder when 11/(-3)*(3 + -60) is divided by r(p)?
41
Let m(x) = -x**2 - 17*x - 7 - 22 - 5 + 4. Calculate the remainder when 305 is divided by m(-13).
19
Suppose -191 = -o - 5*n, -889 = -5*o - 12*n + 9*n. What is the remainder when 11967 is divided by o?
175
Let v(x) = 5*x**3 - 3*x**2 + x + 135. Let n(s) = 2*s**3 - s**2 + 46. Let w(c) = -8*n(c) + 3*v(c). What is the remainder when w(0) is divided by 23?
14
Suppose -7*k + 11*k - 12 = -2*u, 5*u + 6 = -k. Calculate the remainder when 218 is divided by (17 + -12)*u/10*-46.
34
Let a(w) = 2*w**2 + w - 51. Let h be a(8). Suppose -f + 88 - h = 0. Calculate the remainder when 8 is divided by f.
2
Suppose 0 = -211*t + 205*t + 30. Suppose i - t*u - 13 = 0, -16 = -i - 5*u - 3. What is the remainder when 151 is divided by i?
8
Let s be ((-13)/(-26))/((-1)/(-44)). Let l be ((-7)/(-5) - 6/15)*3. Suppose -s - 56 = -l*a. Calculate the remainder when a is divided by 5.
1
Suppose -m - 44*a = -43*a - 18, -2*m + 4*a = -60. What is the remainder when 68 is divided by m?
2
Let v(a) = 13*a**2 + 201*a - 6. What is the remainder when v(-20) is divided by 73?
6
Calculate the remainder when (-612)/(-459)*1287/2 is divided by 96.
90
Suppose 5*p - 4*o = 820, 2*o - 28 = 3*p - 522. Calculate the remainder when p is divided by 31.
13
Let k(x) = -2*x**2 - 2*x - 6. Let g(l) = -l**2 - l - 5. Let o(z) = 3*g(z) - 2*k(z). Let n = 21224 - 21221. What is the remainder when o(-3) is divided by n?
0
Let m(z) be the third derivative of -z**6/120 + 2*z**5/15 + z**4/8 - 15*z**3/2 - 67*z**2. Calculate the remainder when 72 is divided by m(7).
22
Suppose 5*z = 2*o + 895 + 1647, 4*z + 2*o = 2048. Calculate the remainder when z is divided by ((-4)/3)/((660/7227)/(-5)).
72
Let z(j) = 16*j**2. Let p be -4*(-1 - (5 - 7)). Let k = 18 - p. Calculate the remainder when z(-2) is divided by k.
20
Let b be (1/1)/((-2)/(-10)). Let w(r) = r**3 - 3*r**2 - 4*r - 4. Suppose 32*h + 67 = -0*h + 291. Calculate the remainder when w(b) is divided by h.
5
Suppose -6*k = 18 - 36. Suppose 0 = 5*u - 2*x - 120, -k*u = -2*x + 5*x - 51. Suppose -b - 9 + u = 0. Calculate the remainder when 37 is divided by b.
11
Let b = 5905 - 5567. What is the remainder when 1020 is divided by b?
6
Let g(c) = 140*c**2 - 22*c + 84. Calculate the remainder when g(5) is divided by 24.
18
Let q = -10922 + 10936. What is the remainder when 154 is divided by q?
0
Let m(q) = -45325*q**2 - 5*q + 45307*q**2 + 4 + q - 3*q**3. What is the remainder when 163 is divided by m(-6)?
23
Let g(c) = -c**3 + c**2 - 1. Let h(l) = 4*l**3 + 9*l**2 - 11*l + 12. Let k(r) = -3*g(r) - h(r). Calculate the remainder when 31 is divided by k(-13).
14
Calculate the remainder when 2714 is divided by 1/3 - (10348/(-78) - 27).
154
Let k = 6 + -2. Suppose k*d - 650 = -j + 276, -4*d = 2*j - 1836. Suppose -35*q - j = -42*q. Calculate the remainder when q is divided by 27.
22
Let a = -1473 + 1802. What is the remainder when a is divided by 74?
33
Suppose -y = 4, 0 = -3*f + 3*y + 3 + 120. Let i(v) = 2*v**2 + 2*v - 3. Let c = 46 - 39. Calculate the remainder when i(c) is divided by f.
35
Let i be 351/39 + -4 + 1. Suppose -20*v + 742 = -i*v. What is the remainder when 228 is divided by v?
16
Let d(q) = q**3 - 26*q**2 + 107*q + 31. Calculate the remainder when 502 is divided by d(21).
64
Let h(u) = u**3 + 2*u**2 - 1. Let k = -94 + 95. What is the remainder when 29 is divided by h(k)?
1
Let k(o) = -12 - 3*o - 8 + 20*o**2 - 34*o**2 - 3*o**3 + 0*o**3. Calculate the remainder when k(-6) is divided by 21.
16
Suppose 6*m - 282 = -300. Calculate the remainder when 117 is divided by (m - -6) + 14 + 0.
15
Suppose -5*s + 3*g = -491, 3*g + 134 = 128. Calculate the remainder when 379 is divided by s.
88
Suppose 82 - 34 = 2*p - 4*c, -2*p + 3*c + 53 = 0. What is the remainder when 200 is divided by p?
30
Let u(y) = y - 11. Let j = 211 + -188. Calculate the remainder when u(j) is divided by 8.
4
Let a = -12288 + 12388. What is the remainder when 1193 is divided by a?
93
Suppose -2*j + 1 = -3*f - 4, -4*f - 2 = 2*j. What is the remainder when 138 is divided by (4 - (j + -1)) + 66?
68
Suppose -c = -0*c - 6. Suppose 3*k - 121 = 2*b, -3*k + 4*b = -90 - 35. Calculate the remainder when c is divided by (k/6 + -4)*2.
1
Let v(x) = -6 + 2*x - x + 7. Let s be v(-1). Suppose 10*g - 12*g + 48 = s. What is the remainder when 69 is divided by g?
21
Suppose 0 = 9*f - 4*f - 235. Suppose -2*g - 3*l + 99 = 0, -l - 273 = -8*g + 3*g. Suppose 4*x + g = 7*x. Calculate the remainder when f is divided by x.
11
Let v(w) = w**2 - 2*w + 4. Let r = 29932 + -29515. Calculate the remainder when r is divided by v(4).
9
What is the remainder when (-57516)/(-184)*24 - 10/115 is divided by 19?
16
Suppose -3*h + 11*h = 688. Suppose -2*t + h = -0*t. Suppose 21*l - 76 = 71. What is the remainder when t is divided by l?
1
Let o be (-1 - -22)*(-12)/(-9). Let a be 2/(-4) - (3 + o/(-8)). Calculate the remainder when 9 is divided by (2 - 0)/(2/5 - a).
4
Suppose 12*c + 517 = 1162 + 1647. What is the remainder when c is divided by 65?
61
Let m be (3 - 1)*(-6 - -29). Let g(t) = -4*t**3 + t + 1. Let h be g(2). Let k = h + m. What is the remainder when 30 is divided by k?
13
Let f be 0 + -4 + 2 + (-190)/(-5). Suppose 2*w + 18 = -0. Let t = f + w. Calculate the remainder when t is divided by 14.
13
Suppose x - 62 = 5*w, -2*x = 2*w + 2*w + 44. Let g = w - -30. Calculate the remainder when 90*3/(-8)*(-24)/g is divided by 24.
21
Let l(i) = -2 + 253*i - 42 + 8 - 250*i. Calculate the remainder when 62 is divided by l(24).
26
Suppose 548 = 3*l + 4*s, -5*l + 43 = 4*s - 857. Calculate the remainder when l is divided by 79.
18
Suppose -430 = -40*f + 50. Calculate the remainder when 107 is divided by 352/f - 2/(-3).
17
Suppose -41 = -4*x + 51. Suppose -5*c = 2*l - 22 - 10, 4*c = -5*l + 46. What is the remainder when x is divided by (-10)/l*630/(-75)?
9
Let l(u) = u**2 + 5*u - 3. Let x(y) = -6*y**3 + 3*y**2 + 43*y - 13. Calculate the remainder when x(2) is divided by l(-6).
1
Let g(o) = -130*o + 7950. Calculate the remainder when 458 is divided by g(61).
18
Suppose -2 = 2*t - 12. Suppose -t*u = 104 + 81. Let q = u + 45. Calculate the remainder when 14 is divided by q.
6
Let s(j) = -2*j**2 + 55*j + 25. Suppose -6*m = -0*m - 162. Calculate the remainder when s(m) is divided by 29.
23
Suppose 34 = v + 38, 3*v - 1836 = 3*g. Let c = g - -639. Let f(a) = -a + 7. What is the remainder when c is divided by f(3)?
3
Let i(p) = 591*p**2 + 67*p + 138. Calculate the remainder when i(-2) is divided by 139.
5
Suppose -1 - 3 = -2*d. Suppose -d*k + 17 = 11. Suppose k*a - 120 = a. Calculate the remainder when a is divided by 13.
8
Suppose 80*c = 91*c - 4818. Suppose -25*m - c = -28*m. Calculate the remainder when m is divided by 53.
40
Suppose 3*n + 49 = 4*n - 2*t, -4*n + 3*t + 211 = 0. Let b(m) = -m - 50. Let v be b(0). What is the remainder when n is divided by ((-12)/10)/(3/v)?
15
Suppose 0 = -5189*z + 5180*z + 4743. Calculate the remainder when z is divided by 1